*a, -5*a - 16 = -2*j. What are the prime factors of j?
2, 3
Suppose 4*c + 20 = 112. Let h(y) = -12 + y + c - 4*y. List the prime factors of h(-8).
5, 7
Let x(w) = 24*w + 99. What are the prime factors of x(44)?
3, 5, 7, 11
Suppose -3*l = -l - 6, 4*d = -l + 15. Let j be (-72)/(-4) - (-2 - -2). Suppose -f = -d*f + j. What are the prime factors of f?
3
Let j = 8795 - 4850. List the prime factors of j.
3, 5, 263
Suppose 17*r + 4810 = 2*q + 21*r, 2*q + 5*r = 4811. List the prime factors of q.
3, 89
Let d be (-57)/(-11) + 24/(-132). Suppose 0 = -3*b - 101 + d. What are the prime factors of (87/12)/((-4)/b)?
2, 29
List the prime factors of 444 - (-8)/(-6 - 2).
443
Let c = -1156 + 1428. What are the prime factors of c?
2, 17
Let i(r) = -r**2 - 4*r - 6. Let l be i(-7). Let b = -4 - l. List the prime factors of b.
23
Let y be 38*3/(-24) - 6/(-8). Let i = 32 + -53. What are the prime factors of (-1120)/i - y/6?
2, 3
Let i(j) = 2*j - 4. Let m be i(2). Suppose 2*c + 5*n = 51, -n + m*n = 2*c - 63. List the prime factors of c.
3, 11
Suppose -3*z = -0*z - 9. Suppose 4*a - 406 = -3*g, -3 = 2*a - 4*g - 195. Suppose 2*t - a = 3*q - 7*q, 2*t - z*q - 86 = 0. What are the prime factors of t?
2, 23
Let q(y) = y**2 + 4*y - 12. Let h be q(5). Let p = h - -12. List the prime factors of p.
3, 5
Suppose -5*t - 10 = -7*t - 2*b, 5*t - b = 7. Suppose t*r = 3*r - 60. List the prime factors of r/25*(-20)/(-6).
2
Suppose 0 = -289*m + 280*m + 3852. List the prime factors of m.
2, 107
Suppose -k - 5 = -2*k, 5*k + 635 = -3*d. What are the prime factors of -2*(d/8 - -4)?
47
Suppose 13*q + 3805 = 4*d + 10*q, 0 = -5*d - 3*q + 4790. List the prime factors of d.
5, 191
Let n = 2418 + -690. List the prime factors of n.
2, 3
Let a(b) = -b**3 - 6*b**2 - 2*b + 6. Let m be a(-6). Suppose 3*u - 6*u + m = 0. Let q = u - -13. What are the prime factors of q?
19
Suppose 0 = 22*n - 39*n + 40698. List the prime factors of n.
2, 3, 7, 19
Suppose 372 = d - p, 12 = -3*p - 0*p. What are the prime factors of d?
2, 23
Let w(n) be the second derivative of -1/3*n**3 + 7*n - 21/2*n**2 + 0. What are the prime factors of w(-15)?
3
Suppose -4 = u + 5*x, 2*u = -3*x + 2*x + 1. Let r be (u - 1) + -1 + -83. What are the prime factors of (r/8)/((-9)/12)?
2, 7
Let z be (1/(-3))/((-2)/30). Let p be ((-250)/15)/((-4)/6). Let i = z + p. List the prime factors of i.
2, 3, 5
Let p be (-9)/(-7) - (-2)/(-7). Let t be 1 - (3 - (p - 12)). Let o(w) = -w - 1. What are the prime factors of o(t)?
2, 3
Let o = 8 + -8. Suppose o*u - 5*u = -4*v + 339, -u + 87 = v. List the prime factors of v.
2, 43
Let z(f) be the second derivative of 0*f**2 + f + 7/20*f**5 + 1/12*f**4 + 0*f**3 + 0. What are the prime factors of z(1)?
2
Suppose -34*x + 6859 + 8441 = 0. List the prime factors of x.
2, 3, 5
Suppose 5*f = -20, 9*f = 2*q + 7*f - 306. List the prime factors of q.
149
Let f = -13 - -11. Let o = 4 - f. Suppose o*y = 46 + 218. List the prime factors of y.
2, 11
Let m be (-10)/(-35) - (-220)/(-35). Let i = m - -52. List the prime factors of i.
2, 23
List the prime factors of 335 + -1 - (-21 - -22).
3, 37
Suppose 0 = 11*c - 10*c - 337. List the prime factors of c.
337
Suppose 5*l + 15 = 120. Let x = -8 + l. Let d = -11 + x. List the prime factors of d.
2
Let k = -8 - 19. List the prime factors of (0 - 544/(-12))/((-6)/k).
2, 3, 17
Let p be 10968/20 + (-3)/(-5). Suppose -4*y = 5*m - p, 6*y + 129 = m + 2*y. What are the prime factors of m?
113
Let y = -37 + 52. Suppose y = 3*f + 3*d, f - 8 = -6*d + 2*d. Suppose -4*p - 4*h + 164 = -0*p, 5*h = -f*p + 167. List the prime factors of p.
2, 19
Suppose -p - 2*g + 10 = 25, 2*g - 123 = 5*p. Let f = 54 + p. What are the prime factors of f?
31
Let r(u) = 24*u**2 + u + 1. Let m be r(-1). Let c = m + -12. Suppose 7*p = c*p - 195. What are the prime factors of p?
3, 13
Suppose 0 = 3*s - 2*s - 4*u - 655, -s + 5*u = -659. List the prime factors of s.
3, 71
Let g = 334 - -226. List the prime factors of g.
2, 5, 7
Let q be 2 - (-40)/5 - (-2 + 6). Let s be 3 + (1 - (-2 + 2)). Suppose 2*d = -s*t + q + 62, t = -d + 38. What are the prime factors of d?
2, 3, 7
Let t be 2 - (-2 + (-16)/2). Let k be t/(-10)*(-360)/9. Let f = -32 + k. List the prime factors of f.
2
Suppose 488 = -g + 100. Let a = 609 + g. What are the prime factors of a?
13, 17
Let h = -20 - -6. Let d = -32 - h. Let l = d + 21. What are the prime factors of l?
3
Let d(k) = 12*k**2 - 132*k**3 + 13*k**2 - 27*k**2 + 5*k - 1 - 2*k. Let i be d(1). List the prime factors of (i/77)/((-2)/21).
2, 3
Let o(q) = 79*q - 13. Let u be o(6). Suppose -20 = 9*k - u. What are the prime factors of k?
7
Let g = -9 + 10. Let i = 3 + g. Suppose 3*h - 3*m = 48, i*h - 3*m - 83 = -14. List the prime factors of h.
3, 7
Let w(s) = s**3 + 3*s**2. Let v be w(-3). Suppose -3 = -j - v*j, -n + 3*j - 4 = 0. Let o(d) = 9*d - 8. What are the prime factors of o(n)?
37
Suppose -3*p - 3*r + 3519 = 0, -5*r - 3535 = -6*p + 3*p. What are the prime factors of p?
5, 47
Let r = 8 + -10. Let s be -27*(-1 - r/(-2)). Suppose -2*x - x = -s. What are the prime factors of x?
2, 3
Suppose 3*h = -4*f + 12565, 38*f - 9420 = 35*f - 3*h. List the prime factors of f.
5, 17, 37
Let c be 18/9*-49*1. What are the prime factors of c/(-3) - (-30)/(-45)?
2
Let a be 10/4*(0 - -12). Let o = -99 + a. What are the prime factors of (o/5)/((-5)/25)?
3, 23
Let z(h) = 11*h**2 - 7*h - 4. Let a be z(-4). Let v = 286 - a. What are the prime factors of v?
2, 43
Let q(g) = 24*g + 3. Suppose 79 - 69 = 5*k. What are the prime factors of q(k)?
3, 17
Suppose 3504 = 3*p - 2*b + 7*b, -4*p + 5*b + 4637 = 0. List the prime factors of p.
1163
Let h = 48 - -1200. List the prime factors of h.
2, 3, 13
Let d be ((-32)/(-10) + -4)*-5. Suppose d*w - 9 = -1. Let t = 2 + w. What are the prime factors of t?
2
Let f(o) = o - 9. Let v be f(12). Suppose 0*w + 138 = -v*w. Let r = -30 - w. List the prime factors of r.
2
Let g = 160 + -4. Suppose -4*m - 4*s = -g, -2*m = -4*s + 9 - 69. List the prime factors of m.
2, 3
Suppose 149 = 3*z + 2*r, -5*r = 2*z - 0*r - 103. Let g = -26 + z. What are the prime factors of g?
23
Suppose -2*v + 2*j - 1667 = -4533, -2846 = -2*v - 3*j. What are the prime factors of v?
1429
Suppose -9*c = -4*c - 1135. Suppose -5*t + c = -123. Suppose 2*w + 72 = 2*s - w, -3*s + t = 5*w. List the prime factors of s.
2, 3, 5
Suppose -o + 2*d = -1736, 6*o - 1740 = 5*o + 3*d. What are the prime factors of o?
2, 3
Let a(u) = u - 1. Let f be (-35)/(-2) - 1/2. Let b = -14 + f. List the prime factors of a(b).
2
Suppose 2*c + g = 6*c - 4909, 1225 = c - g. List the prime factors of c.
2, 307
Suppose 6*b + 0*b = 1668. Suppose -322 = -r + 3*q, b = -2*r - 4*q + 962. List the prime factors of r.
2, 167
Let o = 425 + -34. Suppose -5*f = 4*v + v - 485, 0 = -4*v - 3*f + o. Suppose -10*d = -5*d - v. List the prime factors of d.
2, 5
Suppose -50*g = -40*g - 1080. List the prime factors of g.
2, 3
Let l(q) = 3*q**3 + 3*q - 2. Let m be l(1). Let v(z) = -1. Let k(u) = 7*u + 7. Let i(w) = k(w) + 4*v(w). What are the prime factors of i(m)?
31
List the prime factors of ((15/(-2))/(-5))/((-9)/(-66)).
11
Suppose 5*d = s - 176, -2*s + 172 = -5*d - 0. Let r(c) = 2*c**2 + 15*c - 13. Let j be r(-11). Let g = j + d. List the prime factors of g.
2, 7
Suppose -29*l = -25*l - j - 329, 3*l - 5*j = 251. What are the prime factors of l?
2, 41
Let f = 957 - 512. What are the prime factors of f?
5, 89
Suppose 0 = -53*l + 12288 + 35359. What are the prime factors of l?
29, 31
Let m = 1251 + -698. List the prime factors of m.
7, 79
Suppose 5*l + 3*n + 1834 = 0, 0*n + 8 = 4*n. What are the prime factors of (9/((-216)/l))/((-2)/(-42))?
2, 7, 23
Let t(s) = -2*s**2 + 10*s + 7. Let r be t(7). Let w = r - -39. List the prime factors of w.
2, 3
Let b be ((0 - -2)/(-2))/(5/(-20)). What are the prime factors of (-3 - -8) + -4 + b?
5
Let o(r) = 2*r - 24. Let y be o(13). Suppose y*z + 0*z = 2. Let j(c) = 4*c + 2. What are the prime factors of j(z)?
2, 3
Suppose -1100 = -5*h - 5*l, -3*h - 2*l - 1093 = -8*h. Suppose -h = -3*q + 345. List the prime factors of q.
2, 47
Suppose -48*m - 81048 = -72*m. List the prime factors of m.
11, 307
What are the prime factors of 12*(-4 + (-105)/(-2)) + 0?
2, 3, 97
Let w = 993 + -574. List the prime factors of w.
419
Let v be (-2)/(-5)*(-615)